n factor of 7358 and 130.
26
What is the greatest common factor of 1580 and 12?
4
What is the greatest common factor of 69 and 9453?
69
Calculate the greatest common factor of 60 and 60.
60
What is the highest common divisor of 10 and 60?
10
Calculate the highest common factor of 450 and 3840.
30
Calculate the greatest common factor of 44 and 682.
22
What is the greatest common divisor of 658 and 2444?
94
What is the greatest common factor of 66 and 4?
2
Calculate the greatest common divisor of 285 and 7885.
95
What is the highest common divisor of 12 and 5052?
12
Calculate the greatest common divisor of 41 and 3321.
41
Calculate the greatest common factor of 99 and 44.
11
Calculate the greatest common divisor of 224 and 992.
32
Calculate the greatest common divisor of 180 and 72.
36
Calculate the highest common divisor of 414 and 54.
18
Calculate the greatest common divisor of 1513 and 17.
17
Calculate the greatest common factor of 45 and 171.
9
Calculate the highest common factor of 66 and 1254.
66
Calculate the highest common factor of 4094 and 46.
46
Calculate the highest common factor of 176 and 80.
16
Calculate the greatest common factor of 3674 and 66.
22
Calculate the greatest common factor of 158 and 1975.
79
Calculate the highest common factor of 396 and 1452.
132
What is the greatest common divisor of 23 and 115?
23
What is the greatest common factor of 729 and 315?
9
What is the greatest common divisor of 403 and 39?
13
Calculate the highest common divisor of 55 and 1529.
11
What is the highest common factor of 770 and 14?
14
What is the greatest common divisor of 1518 and 396?
66
What is the greatest common divisor of 66 and 66?
66
Calculate the highest common divisor of 221 and 325.
13
What is the greatest common factor of 58 and 1247?
29
Calculate the greatest common divisor of 55 and 33.
11
Calculate the highest common divisor of 1683 and 17.
17
What is the highest common factor of 92 and 48806?
46
What is the highest common divisor of 15 and 69?
3
Calculate the highest common divisor of 253 and 1584.
11
Calculate the highest common divisor of 497 and 1136.
71
Calculate the highest common divisor of 7 and 2828.
7
What is the highest common divisor of 279 and 465?
93
What is the highest common divisor of 9 and 3?
3
Calculate the greatest common divisor of 105 and 255.
15
Calculate the highest common divisor of 2709 and 21.
21
What is the highest common factor of 1436 and 359?
359
What is the highest common divisor of 2337 and 41?
41
Calculate the highest common factor of 3276 and 112.
28
Calculate the highest common factor of 250 and 20.
10
What is the highest common divisor of 6 and 41214?
6
Calculate the highest common factor of 140 and 500.
20
Calculate the highest common divisor of 1325 and 400.
25
What is the greatest common divisor of 6 and 4176?
6
What is the greatest common factor of 725 and 1943?
29
What is the highest common factor of 2 and 82?
2
Calculate the greatest common divisor of 66 and 84.
6
Calculate the highest common divisor of 209 and 649.
11
Calculate the highest common factor of 18 and 2766.
6
Calculate the greatest common divisor of 36 and 516.
12
Calculate the greatest common divisor of 2834 and 26.
26
Calculate the highest common factor of 14 and 10.
2
Calculate the greatest common factor of 1314 and 36.
18
Calculate the greatest common factor of 3 and 317.
1
What is the highest common divisor of 1177 and 5350?
107
Calculate the greatest common divisor of 54 and 144.
18
Calculate the greatest common divisor of 5 and 8240.
5
Calculate the greatest common factor of 3288 and 48.
24
What is the greatest common factor of 120 and 1270?
10
Calculate the highest common divisor of 27 and 612.
9
Calculate the greatest common factor of 128 and 1216.
64
What is the greatest common divisor of 228 and 4047?
57
Calculate the highest common divisor of 186 and 62.
62
Calculate the greatest common divisor of 140 and 245.
35
Calculate the highest common divisor of 4 and 1460.
4
Calculate the greatest common divisor of 161 and 23.
23
What is the greatest common factor of 31 and 372?
31
What is the highest common factor of 45 and 207?
9
Calculate the greatest common factor of 3045 and 945.
105
Calculate the greatest common factor of 3354 and 43.
43
Calculate the highest common divisor of 16 and 2012.
4
Calculate the greatest common factor of 15 and 1455.
15
What is the greatest common divisor of 80 and 144?
16
Calculate the greatest common factor of 620 and 140.
20
Calculate the greatest common divisor of 171 and 115083.
171
What is the highest common factor of 915 and 75?
15
What is the highest common factor of 1394 and 34?
34
Calculate the highest common factor of 539 and 11.
11
Calculate the greatest common divisor of 94 and 846.
94
Calculate the highest common factor of 361 and 19.
19
What is the highest common factor of 24 and 20?
4
Calculate the highest common factor of 120 and 7380.
60
Calculate the highest common factor of 162 and 3321.
81
What is the greatest common factor of 2080 and 65?
65
What is the highest common divisor of 2824 and 8?
8
What is the greatest common divisor of 23409 and 18?
9
What is the greatest common divisor of 83780 and 59?
59
Calculate the highest common factor of 1246 and 7.
7
What is the greatest common divisor of 35 and 315?
35
What is the highest common divisor of 84 and 63?
21
What is the greatest common factor of 8 and 256?
8
What is the highest common divisor of 2139 and 69?
69
Calculate the highest common divisor of 69 and 4899.
69
What is the greatest common factor of 65 and 286?
13
What is the greatest common divisor of 5185 and 85?
85
What is the highest common factor of 8 and 10584?
8
What is the greatest common factor of 6475 and 2035?
185
What is the highest common divisor of 17 and 136?
17
What is the highest common factor of 4236 and 96?
12
What is the greatest common divisor of 36680 and 28?
28
What is the greatest common divisor of 56 and 80?
8
Calculate the greatest common divisor of 77 and 22.
11
What is the greatest common divisor of 9162 and 18?
18
What is the greatest common divisor of 817 and 76?
19
Calculate the highest common factor of 2718 and 36.
18
What is the highest common divisor of 38 and 12426?
38
Calculate the greatest common factor of 19 and 2508.
19
What is the greatest common factor of 16 and 26?
2
Calculate the greatest common factor of 7182 and 9.
9
Calculate the highest common factor of 163 and 1793.
163
Calculate the highest common factor of 285 and 760.
95
What is the greatest common divisor of 46 and 713?
23
Calculate the highest common factor of 729 and 45.
9
What is the greatest common divisor of 27 and 1323?
27
Calculate the greatest common divisor of 6925 and 25.
25
What is the greatest common factor of 14018 and 172?
86
Calculate the highest common factor of 30 and 12.
6
Calculate the highest common divisor of 133 and 112.
7
Calculate the greatest common factor of 102 and 51.
51
What is the greatest common factor of 1926 and 54?
18
What is the highest common divisor of 19710 and 81?
27
Calculate the greatest common divisor of 45 and 29.
1
Calculate the highest common factor of 4234 and 232.
58
What is the highest common divisor of 391 and 102?
17
What is the highest common divisor of 126 and 28?
14
Calculate the greatest common divisor of 700 and 28.
28
Calculate the highest common divisor of 1001 and 583.
11
What is the highest common divisor of 10 and 1630?
10
Calculate the highest common factor of 23 and 391.
23
What is the highest common divisor of 22609 and 69?
23
Calculate the greatest common divisor of 11 and 407.
11
Calculate the highest common factor of 72 and 8.
8
Calculate the highest common factor of 113 and 21583.
113
Calculate the greatest common divisor of 3 and 6801.
3
What is the highest common factor of 286 and 65?
13
What is the greatest common factor of 14466 and 12?
6
What is the highest common factor of 828 and 108?
36
What is the greatest common divisor of 51714 and 306?
306
Calculate the greatest common factor of 217 and 175.
7
Calculate the highest common factor of 28 and 119.
7
Calculate the greatest common factor of 60 and 22956.
12
What is the greatest common divisor of 50 and 860?
10
What is the highest com